prime factors of 51?
3, 17
List the prime factors of 55404.
2, 3, 19
List the prime factors of 1874.
2, 937
List the prime factors of 73318.
2, 7, 5237
What are the prime factors of 7187?
7187
What are the prime factors of 6521?
6521
What are the prime factors of 105593?
23, 4591
What are the prime factors of 4574?
2, 2287
List the prime factors of 17113.
109, 157
What are the prime factors of 13670?
2, 5, 1367
List the prime factors of 31957.
31957
List the prime factors of 17560.
2, 5, 439
What are the prime factors of 45243?
3, 11, 457
What are the prime factors of 3568?
2, 223
List the prime factors of 23758.
2, 7, 1697
List the prime factors of 1428.
2, 3, 7, 17
What are the prime factors of 124?
2, 31
List the prime factors of 11729.
37, 317
What are the prime factors of 975?
3, 5, 13
List the prime factors of 1100.
2, 5, 11
List the prime factors of 267.
3, 89
What are the prime factors of 73095?
3, 5, 11, 443
What are the prime factors of 13355?
5, 2671
List the prime factors of 1126.
2, 563
What are the prime factors of 3712?
2, 29
List the prime factors of 4754.
2, 2377
List the prime factors of 55186.
2, 41, 673
List the prime factors of 2101.
11, 191
List the prime factors of 29355.
3, 5, 19, 103
List the prime factors of 489.
3, 163
What are the prime factors of 3655?
5, 17, 43
List the prime factors of 27706.
2, 7, 1979
What are the prime factors of 6644?
2, 11, 151
List the prime factors of 2277.
3, 11, 23
List the prime factors of 9975.
3, 5, 7, 19
List the prime factors of 644.
2, 7, 23
What are the prime factors of 510?
2, 3, 5, 17
List the prime factors of 5521.
5521
What are the prime factors of 5382?
2, 3, 13, 23
What are the prime factors of 4943?
4943
What are the prime factors of 10824?
2, 3, 11, 41
List the prime factors of 7438.
2, 3719
What are the prime factors of 58552?
2, 13, 563
List the prime factors of 13403.
13, 1031
List the prime factors of 3232.
2, 101
List the prime factors of 3838.
2, 19, 101
What are the prime factors of 30737?
7, 4391
List the prime factors of 1184.
2, 37
List the prime factors of 38257.
67, 571
List the prime factors of 939.
3, 313
What are the prime factors of 65753?
47, 1399
List the prime factors of 41513.
41513
What are the prime factors of 5553?
3, 617
List the prime factors of 346.
2, 173
What are the prime factors of 52036?
2, 13009
List the prime factors of 528.
2, 3, 11
What are the prime factors of 1582?
2, 7, 113
List the prime factors of 1502.
2, 751
List the prime factors of 5272.
2, 659
List the prime factors of 49647.
3, 13, 19, 67
List the prime factors of 162031.
311, 521
List the prime factors of 484.
2, 11
What are the prime factors of 1167?
3, 389
What are the prime factors of 25110?
2, 3, 5, 31
What are the prime factors of 1515?
3, 5, 101
What are the prime factors of 2035?
5, 11, 37
List the prime factors of 1317.
3, 439
What are the prime factors of 73972?
2, 18493
List the prime factors of 1443.
3, 13, 37
List the prime factors of 8642.
2, 29, 149
What are the prime factors of 2947?
7, 421
List the prime factors of 293.
293
What are the prime factors of 742?
2, 7, 53
List the prime factors of 5740.
2, 5, 7, 41
What are the prime factors of 1253?
7, 179
What are the prime factors of 2620?
2, 5, 131
What are the prime factors of 65941?
23, 47, 61
List the prime factors of 18870.
2, 3, 5, 17, 37
List the prime factors of 38971.
38971
What are the prime factors of 1414?
2, 7, 101
List the prime factors of 848.
2, 53
What are the prime factors of 93142?
2, 7, 6653
List the prime factors of 626.
2, 313
List the prime factors of 81330.
2, 3, 5, 2711
What are the prime factors of 5257?
7, 751
List the prime factors of 90231.
3, 19, 1583
What are the prime factors of 6247?
6247
What are the prime factors of 20077?
17, 1181
List the prime factors of 16637.
127, 131
What are the prime factors of 88905?
3, 5, 5927
List the prime factors of 482.
2, 241
List the prime factors of 81035.
5, 19, 853
List the prime factors of 213.
3, 71
List the prime factors of 1178.
2, 19, 31
What are the prime factors of 6411?
3, 2137
List the prime factors of 44453.
44453
List the prime factors of 987.
3, 7, 47
What are the prime factors of 30273?
3, 10091
What are the prime factors of 173086?
2, 37, 2339
List the prime factors of 39417.
3, 7, 1877
List the prime factors of 76364.
2, 17, 1123
List the prime factors of 8710.
2, 5, 13, 67
What are the prime factors of 14072?
2, 1759
What are the prime factors of 554?
2, 277
What are the prime factors of 36282?
2, 3, 6047
What are the prime factors of 2278?
2, 17, 67
What are the prime factors of 1669?
1669
What are the prime factors of 1402?
2, 701
List the prime factors of 94182.
2, 3, 11, 1427
List the prime factors of 29246.
2, 7, 2089
What are the prime factors of 3008?
2, 47
What are the prime factors of 30381?
3, 13, 19, 41
What are the prime factors of 678?
2, 3, 113
List the prime factors of 2125.
5, 17
List the prime factors of 711.
3, 79
List the prime factors of 530.
2, 5, 53
List the prime factors of 641.
641
List the prime factors of 29536.
2, 13, 71
List the prime factors of 6914.
2, 3457
What are the prime factors of 66960?
2, 3, 5, 31
What are the prime factors of 6571?
6571
What are the prime factors of 101?
101
What are the prime factors of 630?
2, 3, 5, 7
What are the prime factors of 17555?
5, 3511
What are the prime factors of 13869?
3, 23, 67
What are the prime factors of 39675?
3, 5, 23
List the prime factors of 104400.
2, 3, 5, 29
List the prime factors of 99.
3, 11
What are the prime factors of 59?
59
List the prime factors of 2260.
2, 5, 113
What are the prime factors of 12859?
7, 11, 167
What are the prime factors of 424?
2, 53
List the prime factors of 103732.
2, 25933
What are the prime factors of 29981?
7, 4283
What are the prime factors of 19435?
5, 13, 23
What are the prime factors of 11800?
2, 5, 59
What are the prime factors of 714?
2, 3, 7, 17
List the prime factors of 7206.
2, 3, 1201
What are the prime factors of 8437?
11, 13, 59
List the prime factors of 1658.
2, 829
List the prime factors of 420.
2, 3, 5, 7
List the prime factors of 8142.
2, 3, 23, 59
What are the prime factors of 725?
5, 29
List the prime factors of 1861.
1861
List the prime factors of 258.
2, 3, 43
What are the prime factors of 47072?
2, 1471
List the prime factors of 48871.
48871
List the prime factors of 10209.
3, 41, 83
What are the prime factors of 5273?
5273
List the prime factors of 2673.
3, 11
List the prime factors of 36599.
36599
What are the prime factors of 57888?
2, 3, 67
List the prime factors of 958.
2, 479
List the prime factors of 2383.
2383
List the prime factors of 3879.
3, 431
What are the prime factors of 8520?
2, 3, 5, 71
What are the prime factors of 1502?
2, 751
List the prime factors of 2232.
2, 3, 31
What are the prime factors of 1333?
31, 43
List the prime factors of 257.
257
What are the prime factors of 104570?
2, 5, 10457
List the prime factors of 3818.
2, 23, 83
What are the prime factors of 62?
2, 31
List the prime factors of 11413.
101, 113
What are the prime factors of 222?
2, 3, 37
What are the prime factors of 124?
2, 31
List the prime factors of 462.
2, 3, 7, 11
What are the prime factors of 50819?
89, 571
What are the prime factors of 1643?
31, 53
List the prime factors of 6962.
2, 59
What are the prime factors of 4271?
4271
List the prime factors of 34233.
3, 11411
List the prime factors of 1596.
2, 3, 7, 19
What are the prime factors of 4399?
53, 83
What are the prime factors of 1782?
2, 3, 11
What are the prime factors of 10459?
10459
List the prime factors of 36546.
2, 3, 6091
What are the prime factors of 95659?
17, 331
What are the prime factors of 14516?
2, 19, 191
List the prime factors of 4152.
2, 3, 173
List the prime factors of 1486.
2, 743
List the prime factors of 62428.
2, 15607
List the prime factors of 4666.
2, 2333
List the prime factors of 1226.
2, 613
List the prime factors of 1811.
1811
List the prime factors of 1142.
2, 571
List the prime factors of 31325.
5, 7, 179
List the prime factors of 1437.
3, 479
What are the prime factors of 2548?
2, 7, 13
What are the prime factors of 84517?
223, 379
List the prime factors of 1806.
2, 3, 7, 43
List the prime factors of 23161.
19, 2